2, 17748257
List the prime factors of 1805009673.
3, 1471, 409021
What are the prime factors of 145695477?
3, 19, 2556061
What are the prime factors of 74762473?
19, 3934867
List the prime factors of 190161387.
3, 13, 1625311
List the prime factors of 4093414377.
3, 13, 17, 37, 166867
What are the prime factors of 107972022?
2, 3, 19, 677, 1399
What are the prime factors of 8380916?
2, 2095229
List the prime factors of 9231458.
2, 47, 98207
List the prime factors of 655169620.
2, 5, 7, 137, 34159
List the prime factors of 144544729.
7, 29, 269, 2647
List the prime factors of 131888505.
3, 5, 7, 389, 3229
List the prime factors of 3894566298.
2, 3, 7, 347, 267227
List the prime factors of 58740716.
2, 2347, 6257
List the prime factors of 46067488.
2, 31, 46439
What are the prime factors of 2410832467?
6599, 365333
What are the prime factors of 1454976910?
2, 5, 4643, 31337
What are the prime factors of 2509419191?
619, 4053989
What are the prime factors of 366006809?
7, 5297, 9871
List the prime factors of 1625438176.
2, 1301, 39043
List the prime factors of 280412103.
3, 229, 408169
What are the prime factors of 98002767?
3, 32667589
What are the prime factors of 3605907752?
2, 450738469
List the prime factors of 91470769.
13, 19, 107, 3461
What are the prime factors of 3182918034?
2, 3, 149, 3560311
List the prime factors of 1433232021.
3, 13, 31, 1185469
What are the prime factors of 1651083440?
2, 5, 211, 97813
What are the prime factors of 1139836855?
5, 227967371
List the prime factors of 13334630.
2, 5, 17, 78439
List the prime factors of 3264865289.
7, 466409327
What are the prime factors of 111175480?
2, 5, 13, 213799
List the prime factors of 618289620.
2, 3, 5, 13, 792679
What are the prime factors of 144278219?
29, 4975111
List the prime factors of 12614803.
19, 663937
What are the prime factors of 188815397?
188815397
List the prime factors of 4144151025.
3, 5, 7, 907, 967
List the prime factors of 1071779711.
839, 1277449
What are the prime factors of 124471444?
2, 1549, 20089
What are the prime factors of 7690467324?
2, 3, 640872277
List the prime factors of 4554710608.
2, 7, 23, 53, 73, 457
What are the prime factors of 2808502844?
2, 7, 100303673
What are the prime factors of 3205579440?
2, 3, 5, 7, 1908083
List the prime factors of 665910516.
2, 3, 199, 431, 647
What are the prime factors of 195401781?
3, 7237103
List the prime factors of 2799451.
2799451
What are the prime factors of 5905465942?
2, 2801, 1054171
List the prime factors of 61493941.
677, 90833
List the prime factors of 2256662270.
2, 5, 225666227
What are the prime factors of 873201025?
5, 31, 1126711
What are the prime factors of 1195383594?
2, 3, 17, 19, 577, 1069
What are the prime factors of 1001934608?
2, 62620913
List the prime factors of 469648902.
2, 3, 17, 193, 23857
What are the prime factors of 123913914?
2, 3, 20652319
What are the prime factors of 202832731?
107, 1895633
What are the prime factors of 1524468404?
2, 17, 29, 773057
List the prime factors of 1035507477.
3, 31, 11134489
List the prime factors of 485263258.
2, 97, 2501357
What are the prime factors of 738776726?
2, 71, 5202653
List the prime factors of 103906140.
2, 3, 5, 13, 133213
What are the prime factors of 8919389041?
449, 19865009
List the prime factors of 6909950405.
5, 1381990081
List the prime factors of 2866632899.
13, 23, 31, 309271
List the prime factors of 37715815.
5, 73, 191, 541
What are the prime factors of 596944676?
2, 151, 988319
What are the prime factors of 31959910?
2, 5, 41, 77951
List the prime factors of 2287534388.
2, 227, 557, 4523
List the prime factors of 8919724.
2, 11, 73, 2777
What are the prime factors of 7763493?
3, 53, 157, 311
What are the prime factors of 29310621?
3, 9770207
List the prime factors of 1683235897.
7, 19, 1807987
List the prime factors of 841578614.
2, 863, 487589
What are the prime factors of 134003958?
2, 3, 11, 2030363
What are the prime factors of 2287698808?
2, 1619, 176629
What are the prime factors of 902598718?
2, 7, 71, 73, 1777
What are the prime factors of 55519940?
2, 5, 7, 181, 313
What are the prime factors of 28171762?
2, 14085881
What are the prime factors of 170288076?
2, 3, 7, 2027239
What are the prime factors of 62983306?
2, 709, 44417
List the prime factors of 6040490223.
3, 22307, 90263
What are the prime factors of 2014686535?
5, 402937307
What are the prime factors of 550574654?
2, 7, 61, 644701
List the prime factors of 3729999044.
2, 932499761
List the prime factors of 351493938.
2, 3, 17, 101, 223
What are the prime factors of 3815557652?
2, 223, 4277531
List the prime factors of 205116926.
2, 7, 193, 75913
List the prime factors of 76071083.
11, 1279, 5407
What are the prime factors of 327761984?
2, 11, 37, 12583
What are the prime factors of 142844057?
769, 185753
List the prime factors of 2316267987.
3, 11, 89, 788651
List the prime factors of 916331714.
2, 37, 41, 59, 5119
What are the prime factors of 246819467?
41, 6019987
List the prime factors of 354125049.
3, 151, 781733
What are the prime factors of 1212618475?
5, 19, 31, 82351
List the prime factors of 9435448.
2, 11, 179, 599
List the prime factors of 27264278.
2, 19, 433, 1657
List the prime factors of 140358421.
7, 31, 401, 1613
List the prime factors of 851971032.
2, 3, 11, 71, 109, 139
List the prime factors of 344729765.
5, 31, 2224063
What are the prime factors of 23212377?
3, 1117, 2309
List the prime factors of 189590.
2, 5, 18959
List the prime factors of 181162124.
2, 11, 13, 316717
What are the prime factors of 58295219?
103, 565973
What are the prime factors of 34714779?
3, 11, 95633
What are the prime factors of 118887187?
113, 1052099
List the prime factors of 1638465306.
2, 3, 23, 199, 59663
What are the prime factors of 96113469?
3, 32037823
List the prime factors of 3919659583.
7, 71, 7886639
List the prime factors of 8290012.
2, 617, 3359
List the prime factors of 868396181.
2099, 413719
What are the prime factors of 27619434?
2, 3, 59, 8669
What are the prime factors of 70261717?
31, 2266507
List the prime factors of 42277348.
2, 10569337
What are the prime factors of 6592988160?
2, 3, 5, 11, 13007
List the prime factors of 774327865.
5, 154865573
What are the prime factors of 13316198?
2, 7, 257, 3701
List the prime factors of 257856513.
3, 73, 1177427
What are the prime factors of 10031983?
13, 771691
What are the prime factors of 2914835560?
2, 5, 7, 13, 139, 823
List the prime factors of 117557108.
2, 17, 101693
List the prime factors of 24719367.
3, 37, 43, 5179
What are the prime factors of 3385054?
2, 29, 58363
What are the prime factors of 2097010891?
47, 44617253
List the prime factors of 1869755483.
29, 31, 2079817
What are the prime factors of 242509743?
3, 7, 17, 226433
What are the prime factors of 19244016?
2, 3, 11, 12149
List the prime factors of 65387971.
11, 5944361
List the prime factors of 1700949702.
2, 3, 29, 9775573
What are the prime factors of 700878349?
31, 61, 281, 1319
List the prime factors of 1574150829.
3, 31, 37, 457469
List the prime factors of 2279334289.
3343, 681823
List the prime factors of 472526455.
5, 94505291
List the prime factors of 46099800.
2, 3, 5, 8537
What are the prime factors of 2564086236?
2, 3, 37, 431, 13399
What are the prime factors of 241500171?
3, 11, 53, 138079
List the prime factors of 41566752.
2, 3, 101, 1429
What are the prime factors of 218179641?
3, 19, 53, 72221
What are the prime factors of 631903167?
3, 7, 101, 4729
What are the prime factors of 14789864?
2, 17, 6397
What are the prime factors of 5792593506?
2, 3, 7, 19702699
List the prime factors of 62127666.
2, 3, 3451537
What are the prime factors of 20429688?
2, 3, 29, 149, 197
What are the prime factors of 97419621?
3, 13, 2497939
What are the prime factors of 319468829?
167, 199, 9613
List the prime factors of 1361501567.
1361501567
List the prime factors of 390716414.
2, 11, 2029, 8753
What are the prime factors of 41491962?
2, 3, 2305109
What are the prime factors of 54274599?
3, 163, 36997
What are the prime factors of 164004676?
2, 11, 661, 5639
List the prime factors of 1393734848.
2, 11, 401, 4937
List the prime factors of 76735259.
76735259
List the prime factors of 1917545360.
2, 5, 19, 67, 